 Let w be ((-22)/6)/((-4)/12). Calculate the highest common factor of m and w.
11
Let y be -2 + (0/2 - -4). Suppose -5*a = -y*a + 42. Let b = a + 22. What is the greatest common factor of b and 24?
8
Suppose -u + 25 = 4*u. Suppose -10 = -5*w + u. Suppose 10 = o - 11. Calculate the greatest common factor of w and o.
3
Suppose 2*l = -v + 50, 138 = 3*v - 4*l + 6*l. Calculate the highest common divisor of v and 22.
22
Suppose 2*w + 8 = 4*s - 4, 16 = 3*s + 2*w. Calculate the greatest common factor of s and 32.
4
Let v = 1 + 17. Let z be 4/16*0 + v. What is the highest common factor of z and 162?
18
Suppose 0 = -v + 2 - 0. Suppose -6 + 44 = v*w. Let b = 251 - 42. What is the greatest common divisor of b and w?
19
Suppose -3*i - 4*m = -3*m - 58, 0 = -3*i + 4*m + 83. What is the greatest common factor of 147 and i?
21
Suppose s + 3 = 3*m, 2*s + 3 = 3*m - 3. Suppose m = 5*q - 82 + 22. What is the greatest common divisor of 24 and q?
12
Let l be 155/10 - (-3)/(-6). Suppose 4*q - 148 = 4*w, -4*q - 4*w + 161 = 53. Let x = 88 + q. What is the greatest common factor of l and x?
15
Let w be (1 - -5)/((-3)/2). Let p be w/(4/(-2)) - -2. What is the highest common factor of 12 and p?
4
Let z be 2/4*(1 + 7). Let p be (9/2)/(3/z). Let j = -7 + 9. What is the highest common divisor of j and p?
2
Suppose 0 = -5*c - 4*i + 71 + 20, c + 5*i - 14 = 0. Let b(z) = 22*z**2 - 2*z - 1. Let t be b(2). Let o = t + -7. What is the greatest common factor of c and o?
19
Let d(u) = 247*u**2 + u + 2. Let q be d(-1). Calculate the greatest common divisor of q and 31.
31
Suppose -4*a - 34 = 18. Let w = a - 3. Let f = 26 + w. Calculate the highest common divisor of f and 15.
5
Let m(o) = o**2 - 2*o - 2. Let f be m(-2). Suppose -d - d = -f. Let w = 39 - 30. Calculate the highest common divisor of w and d.
3
Suppose -2*l - l = -84. Let r(g) = g - 3. Let w be r(3). Suppose -i - i + 112 = w. Calculate the highest common divisor of i and l.
28
Suppose 8 = l - 3*q + 4, -l = 4*q + 3. Let c be 5/(l*2/16). What is the highest common factor of 5 and c?
5
Let n = -36 - -52. Suppose 480 = -4*u + 8*u. Suppose -6*o = -o - u. Calculate the greatest common factor of o and n.
8
Suppose 2*y = 6 + 4. Suppose -p - 3*p - y*m + 12 = 0, 4*m = 3*p - 40. What is the highest common divisor of p and 20?
4
Let i(j) = j**3 + 9*j**2 + 8*j - 2. Let p be i(-8). Let s be -1*(p + 3/(-1)). Let o = s + 0. Calculate the greatest common factor of 45 and o.
5
Let f be 2/(-9) + (-1896)/(-27). Suppose -2*g + 0*g + 20 = 0. What is the greatest common divisor of f and g?
10
Let k(m) = -m**3 - 7*m**2 - 9*m - 6. Let d = -5 + 5. Let h(s) = s**3 + s**2 - 6. Let x be h(d). Let y be k(x). What is the greatest common factor of 6 and y?
6
Suppose 5*b = w - 5*w + 27, 0 = 4*w - 5*b - 77. Suppose 5*o = 5, 5*k - 72 = -0*o + 3*o. Let i = 54 - k. What is the greatest common factor of w and i?
13
Suppose 0 = 3*p - 6*p + 9. Let t be (24/(-14))/((-8)/28). What is the greatest common factor of t and p?
3
Let x(b) = b**3 - b**2 - b + 1. Let l be x(1). Suppose c + c - 18 = l. Calculate the highest common factor of c and 6.
3
Suppose -p + 3*b = b - 6, -4*p = -3*b - 24. Calculate the highest common factor of p and 66.
6
Suppose -30 - 78 = -4*d + 4*h, -3*h = 3*d - 63. Calculate the highest common factor of d and 120.
24
Let h be (-113)/(-2) - 2/4. Suppose 0*g - 4*g + 31 = -o, -43 = -5*g - 3*o. Calculate the greatest common divisor of h and g.
8
Suppose -2*v = p - 29, -4*p - 22 - 27 = -3*v. Let a = -39 + 159. Calculate the highest common factor of v and a.
15
Let c(h) = h**2 + 11*h + 14. Let v be c(-11). What is the greatest common factor of v and 140?
14
Let k be -3*-3*(-3)/27. Let l(h) = -3*h - 5. Let q(a) = 1. Let f(y) = k*l(y) - 2*q(y). Let m be f(3). Calculate the greatest common divisor of 72 and m.
12
Let h be (14/(-3))/(2/(-24)). Let l(d) = -d**3 - 5*d**2 + d + 2. Let a be l(-5). Let m be 0 + (-2 - (a + -7)). Calculate the highest common factor of h and m.
8
Let t = -9 + 16. Suppose 0 = -2*n + 5*v + t, -3*n + 3*v = -0*v - 15. Suppose 0 = -0*a - a + 3. What is the greatest common divisor of n and a?
3
Suppose -153 = -2*p - p. Let g be p/85 + (-654)/(-10). What is the greatest common factor of g and 99?
33
Suppose 0 = 4*p + 2*m - 15 - 11, 2*p = -2*m + 18. Let g = p + 5. What is the highest common divisor of 27 and g?
9
Let j = 157 - 101. Let z = 1 + -9. Let g = z - -16. What is the greatest common divisor of g and j?
8
Suppose -5 + 1 = -p. Suppose 0 = c + p*c - 30. Calculate the greatest common factor of 54 and c.
6
Suppose 4*d - 9 = d. Let o(n) be the first derivative of 2*n**3/3 - 3*n**2 + 7*n - 4. Let h be o(5). Calculate the greatest common divisor of h and d.
3
Let s be (-752)/(-48) - (-4)/3. What is the greatest common divisor of 34 and s?
17
Let v be ((-25)/(-10) + -3)*-56. What is the greatest common factor of v and 7?
7
Let d = 74 + -52. Let h = d + -14. Calculate the highest common factor of h and 16.
8
Let v be 3/18 + 75/(-18). Let c be -2*1*10/v. What is the greatest common divisor of 20 and c?
5
Suppose -3*f = -9 - 3. Let a be (4/2)/((-3)/(-6)). What is the highest common factor of a and f?
4
Let q(l) = -l**3 - 3*l**2 + 4*l + 3. Suppose 0 = 4*f - f + 12. Let r be q(f). Suppose -r*a = -7*a + 8. What is the highest common divisor of a and 5?
1
Suppose 0 = 6*z - 133 + 43. Calculate the greatest common factor of 75 and z.
15
Suppose -4*m + 5*a = -24, 5*m = -0*m - a + 30. Let u(n) = n + 51. Let s be u(0). Suppose 0 = 5*h - s + 6. What is the highest common divisor of m and h?
3
Let j(n) = 2*n**2 + 14*n - 23. Let u be j(-10). Calculate the highest common divisor of 74 and u.
37
Let s(a) = -2*a**2. Let y be s(-2). Let t be (126/y)/((-6)/16). Calculate the greatest common factor of 6 and t.
6
Let c be (-3 - 4)*(-30)/7. Calculate the highest common divisor of 20 and c.
10
Suppose -4*h + h = -12. What is the highest common factor of h and 20?
4
Suppose 3*a - 18 = -3. Suppose 2*v - 2*p - 12 = 0, -3 - 16 = -3*v + 4*p. Calculate the highest common divisor of a and v.
5
Let f = -5 - -32. Calculate the greatest common factor of 3 and f.
3
Let b be (-4)/6*(-39)/2. Let f(a) = -10*a**3 + 3*a**2 + 2*a + 3. Let w be f(-2). Calculate the highest common divisor of w and b.
13
Suppose -o - 5 = -4. Let l be ((-1)/o)/(2/70). What is the highest common divisor of l and 5?
5
Let f be ((-8)/(-6))/((-1)/6). Suppose 2*v + 2*v = -224. Let k be 60/f*v/10. What is the greatest common divisor of 6 and k?
6
Suppose -5*l = -5*g - 10, -3*l - 3*g = -11 - 7. Let v be 32*(-2)/4*-1. What is the greatest common divisor of l and v?
4
Suppose 2*d - 39 = -3*w - d, -5*w + 3*d = -73. Calculate the greatest common factor of 14 and w.
14
Suppose 3*u - 2*u = -5*z - 17, 5*z + 5 = -5*u. Let d = -4 - z. Suppose d = 3*t - 0 - 15. What is the greatest common divisor of 5 and t?
5
Suppose -2*t = -12 - 0. Let d be 3 - (-19 - t/3). Let m = 1 + 3. What is the highest common divisor of d and m?
4
Let h be (116/203)/((-1)/(-49)). Calculate the highest common divisor of 14 and h.
14
Let m be (-1 + 0)*12/2. Let y be (-16)/(-7) + m/21. Calculate the highest common factor of 22 and y.
2
Let h(p) be the third derivative of 1/30*p**5 + 1/3*p**4 + 2*p**2 + p**3 + 0*p + 0. Let u be h(-6). Calculate the greatest common factor of u and 10.
10
Let o(p) be the second derivative of 2*p**3 + p**2 - p. Let v be o(2). Suppose v - 2 = 2*s. Calculate the highest common divisor of s and 84.
12
Let q(h) = h**3 + 10*h**2 - 9*h + 26. Let u be q(-11). Calculate the highest common factor of 16 and u.
4
Let a be (8/12)/((-4)/(-198)). Let k = a - -7. What is the greatest common factor of k and 16?
8
Let w(q) = 2*q - 10. Let o be w(7). Let b be (7/o)/(2/(-8)). Let z = b + 15. What is the greatest common factor of 8 and z?
8
Suppose 0*a + 2*a + 20 = -4*u, 0 = 5*a - u + 17. Let w = 5 + a. Let d be (-5 - (0 - w))/(-2). What is the highest common factor of 3 and d?
1
Let t = 14 - 8. What is the highest common divisor of t and 24?
6
Let k(c) = c**3 - 4*c**2 - 13*c + 9. Let x be k(6). Let f = -3 + 6. Suppose 33 = f*m - 2*m. What is the greatest common divisor of x and m?
3
Let u(x) = x**2 + 4*x + 2. Let o be u(-5). Let q = 4 - 5. Let i = 0 - q. What is the greatest common factor of i and o?
1
Suppose 7*t = -3*t + 360.